{"id":271,"date":"2020-06-24T15:13:43","date_gmt":"2020-06-24T15:13:43","guid":{"rendered":"https:\/\/web.sanchez-herrero.es\/?page_id=271"},"modified":"2020-06-24T15:16:31","modified_gmt":"2020-06-24T15:16:31","slug":"patologia-1884","status":"publish","type":"page","link":"https:\/\/www.sanchez-herrero.es\/index.php\/patologia-1884\/","title":{"rendered":"Patolog\u00eda 1884"},"content":{"rendered":"\n<figure class=\"wp-block-image size-large is-resized\"><img loading=\"lazy\" decoding=\"async\" src=\"https:\/\/web.sanchez-herrero.es\/wp-content\/uploads\/2020\/06\/Portada-Patologi\u0301a-1884-756x1024.jpg\" alt=\"\" class=\"wp-image-272\" width=\"661\" height=\"894\" srcset=\"https:\/\/www.sanchez-herrero.es\/wp-content\/uploads\/2020\/06\/Portada-Patologi\u0301a-1884-756x1024.jpg 756w, https:\/\/www.sanchez-herrero.es\/wp-content\/uploads\/2020\/06\/Portada-Patologi\u0301a-1884-221x300.jpg 221w, https:\/\/www.sanchez-herrero.es\/wp-content\/uploads\/2020\/06\/Portada-Patologi\u0301a-1884-768x1040.jpg 768w, https:\/\/www.sanchez-herrero.es\/wp-content\/uploads\/2020\/06\/Portada-Patologi\u0301a-1884.jpg 869w\" sizes=\"auto, (max-width: 661px) 100vw, 661px\" \/><\/figure>\n\n\n\n<figure class=\"wp-block-image size-large is-resized\"><img loading=\"lazy\" decoding=\"async\" src=\"https:\/\/web.sanchez-herrero.es\/wp-content\/uploads\/2020\/06\/Dedicatoria-Alau.png\" alt=\"\" class=\"wp-image-273\" width=\"607\" height=\"745\" srcset=\"https:\/\/www.sanchez-herrero.es\/wp-content\/uploads\/2020\/06\/Dedicatoria-Alau.png 795w, https:\/\/www.sanchez-herrero.es\/wp-content\/uploads\/2020\/06\/Dedicatoria-Alau-244x300.png 244w, https:\/\/www.sanchez-herrero.es\/wp-content\/uploads\/2020\/06\/Dedicatoria-Alau-768x943.png 768w\" sizes=\"auto, (max-width: 607px) 100vw, 607px\" \/><\/figure>\n\n\n\n<p class=\"has-text-align-center\">AL EXCMO. SE\u00d1OR<\/p>\n\n\n\n<p class=\"has-text-align-center\"><strong>DOCTOR D. <\/strong><strong>EUGENIO ALAU <\/strong><strong>y COMAS<\/strong><\/p>\n\n\n\n<p class=\"has-text-align-center\">Antiguo catedr\u00e1tico de Cl\u00ednica m\u00e9dica de la Universidad de Valladolid, Senador del Reino, Consejero de Instrucci\u00f3n p\u00fablica, etc, etc.<\/p>\n\n\n\n<p class=\"has-text-align-center\">GRATITUD ETERNA<\/p>\n\n\n\n<p class=\"has-text-align-center\">EL AUTOR<\/p>\n\n\n\n<p class=\"has-text-align-center\"><strong>PR\u00d3LOGO<\/strong><\/p>\n\n\n\n<p>Despu\u00e9s de unas oposiciones, que no interesaron poco la opini\u00f3n m\u00e9dica en Madrid, y en que tuve el honor de contender con seis maestros en la ciencia patol\u00f3gica (me complazco en reconocerlo) me encuentro casi al mismo tiempo, con el nombramiento de Catedr\u00e1tico y con una disposici\u00f3n legal que previene a los numerarios de nuestra ense\u00f1anza oficial, la presentaci\u00f3n de sus programas en la Direcci\u00f3n general de Instrucci\u00f3n p\u00fablica, para elegir entre ellos el mejor que ha de servir de texto en los ex\u00e1menes de los alumnos procedentes de ense\u00f1anza privada.<\/p>\n\n\n\n<p>Nada mejor he podido hacer que remitir el mismo que ha contribuido a darme el puesto que ocupo y que defend\u00ed en la referida contienda cient\u00edfica. Pero terminada la copia de la parte expositiva del programa propiamente dicho, le he visto diferir tanto del plan y m\u00e9todo aceptado por todos los autores contempor\u00e1neos; le he visto tan desnudo sin el razonamiento en que apoy\u00e9 mi primer trabajo que decid\u00ed anteponer este razonamiento al enunciado de sus lecciones, traduciendo as\u00ed el concepto que tengo de la asignatura que voy a explicar.<\/p>\n\n\n\n<p>Su publicaci\u00f3n obedece a otros m\u00f3viles. No contiene completa la reforma que al presente, se inicia en las ideas patol\u00f3gicas; pero deja ver claramente esa tendencia, y deseo verla juzgada por el p\u00fablico m\u00e9dico, cuyo fallo inapelable es por m\u00ed desde luego respetado. En \u00e9l busco apoyo para mayores empresas, por m\u00e1s que su juicio desfavorable, sin demostraci\u00f3n no har\u00eda mella grande ni chica en mis arraigadas convicciones. Un tercio de siglo de localizaci\u00f3n y anatomismo han elevado a la Anatom\u00eda normal y patol\u00f3gica, sobre todo en la Histolog\u00eda, a una altura verdaderamente grande; pero doloroso es decirlo, si tal vez el porvenir de las Ciencias m\u00e9dicas est\u00e1 en la Histolog\u00eda y la Histoquimia, ni la Cl\u00ednica, ni la Terap\u00e9utica las deben hoy grandes adelantos y acaso pueden acusarlas de que le sustraen gran n\u00famero de inteligencias.<\/p>\n\n\n\n<p>De todos modos, los cl\u00ednicos empiezan a comprender la inutilidad o poco menos, de considerar los trastornos est\u00e1ticos, contra los que son impotentes, y buscan con af\u00e1n los determinismos de esos trastornos, para dominarlos, en la fisiolog\u00eda patol\u00f3gica o en la patolog\u00eda propiamente dicha, ateni\u00e9ndose exclusivamente al fecund\u00edsimo terreno de la observaci\u00f3n cl\u00ednica y de la experimentaci\u00f3n. La diversidad de organizaciones, ya se las considere en el estado h\u00edgido (sano), ya en el estado p\u00e1tico; las variaciones que imprimen en esos estados los cambios c\u00f3smicos accidentales, o las condiciones c\u00f3smicas habituales; los empobrecimientos vitales a que conducen una moralidad, una higiene y una conducta social disconformes con las necesidades de la perfecta evoluci\u00f3n de la vida; los agentes infectantes extra e intraorg\u00e1nicos etc, etc., son asuntos que el anatomismo relegaba a un lugar muy secundario en sus estudios y que vuelven hoy a ocupar el lugar que merecen en la Patolog\u00eda. En una palabra, la Patolog\u00eda se emancipa del despotismo de las ciencias auxiliares, sin perjuicio de utilizar su valioso concurso, cuando y como crea necesario.<\/p>\n\n\n\n<p>La unidad del ser, vuelve a la supremac\u00eda que en mal hora le arrebataron ideas exclusivas y exageradas de localizaci\u00f3n, dejando a esta la importancia que en justicia le corresponde y, en fin , la Ciencia patol\u00f3gica entra en el verdadero camino de su constituci\u00f3n. Por mi parle, procuro allegar mi primer grano de arena y mi d\u00e9bil impulso para que la realice en un plazo brev\u00edsimo. Estas son mis sanas intenciones.<\/p>\n\n\n\n<p>\u2022<\/p>\n\n\n\n<p class=\"has-text-align-right\"><strong>Dr. Abd\u00f3n S\u00e1nchez Herrero<\/strong><\/p>\n\n\n\n<p class=\"has-text-align-right\"><strong><em>Enero de 1884<\/em><\/strong><\/p>\n\n\n\n<p class=\"has-text-align-right\"><a href=\"https:\/\/www.sanchez-herrero.es\/libros\/Concepto-patologia-Completo.pdf\">https:\/\/www.sanchez-herrero.es\/libros\/Concepto-patologia-Completo.pdf<\/a><\/p>\n","protected":false},"excerpt":{"rendered":"<p>AL EXCMO. SE\u00d1OR DOCTOR D. EUGENIO ALAU y COMAS Antiguo catedr\u00e1tico de Cl\u00ednica m\u00e9dica de la Universidad de Valladolid, Senador del Reino, Consejero de Instrucci\u00f3n p\u00fablica, etc, etc. GRATITUD ETERNA EL AUTOR PR\u00d3LOGO Despu\u00e9s de unas oposiciones, que no interesaron poco la opini\u00f3n m\u00e9dica en Madrid, y en que tuve el honor de contender con &hellip; <\/p>\n<p class=\"link-more\"><a href=\"https:\/\/www.sanchez-herrero.es\/index.php\/patologia-1884\/\" class=\"more-link\">Continuar leyendo<span class=\"screen-reader-text\"> \u00abPatolog\u00eda 1884\u00bb<\/span><\/a><\/p>\n","protected":false},"author":1,"featured_media":0,"parent":0,"menu_order":0,"comment_status":"closed","ping_status":"closed","template":"","meta":{"footnotes":""},"class_list":["post-271","page","type-page","status-publish","hentry"],"_links":{"self":[{"href":"https:\/\/www.sanchez-herrero.es\/index.php\/wp-json\/wp\/v2\/pages\/271","targetHints":{"allow":["GET"]}}],"collection":[{"href":"https:\/\/www.sanchez-herrero.es\/index.php\/wp-json\/wp\/v2\/pages"}],"about":[{"href":"https:\/\/www.sanchez-herrero.es\/index.php\/wp-json\/wp\/v2\/types\/page"}],"author":[{"embeddable":true,"href":"https:\/\/www.sanchez-herrero.es\/index.php\/wp-json\/wp\/v2\/users\/1"}],"replies":[{"embeddable":true,"href":"https:\/\/www.sanchez-herrero.es\/index.php\/wp-json\/wp\/v2\/comments?post=271"}],"version-history":[{"count":3,"href":"https:\/\/www.sanchez-herrero.es\/index.php\/wp-json\/wp\/v2\/pages\/271\/revisions"}],"predecessor-version":[{"id":276,"href":"https:\/\/www.sanchez-herrero.es\/index.php\/wp-json\/wp\/v2\/pages\/271\/revisions\/276"}],"wp:attachment":[{"href":"https:\/\/www.sanchez-herrero.es\/index.php\/wp-json\/wp\/v2\/media?parent=271"}],"curies":[{"name":"wp","href":"https:\/\/api.w.org\/{rel}","templated":true}]}}

Patología 1884

<figure class="wp-block-image size-large is-resized"><img loading="lazy" decoding="async" src="https://web.sanchez-herrero.es/wp-content/uploads/2020/06/Portada-Patología-1884-756x1024.jpg" alt="" class="wp-image-272" width="661" height="894" srcset="https://www.sanchez-herrero.es/wp-content/uploads/2020/06/Portada-Patología-1884-756x1024.jpg 756w, https://www.sanchez-herrero.es/wp-content/uploads/2020/06/Portada-Patología-1884-221x300.jpg 221w, https://www.sanchez-herrero.es/wp-content/uploads/2020/06/Portada-Patología-1884-768x1040.jpg 768w, https://www.sanchez-herrero.es/wp-content/uploads/2020/06/Portada-Patología-1884.jpg 869w" sizes="auto, (max-width: 661px) 100vw, 661px" /></figure>



<figure class="wp-block-image size-large is-resized"><img loading="lazy" decoding="async" src="https://web.sanchez-herrero.es/wp-content/uploads/2020/06/Dedicatoria-Alau.png" alt="" class="wp-image-273" width="607" height="745" srcset="https://www.sanchez-herrero.es/wp-content/uploads/2020/06/Dedicatoria-Alau.png 795w, https://www.sanchez-herrero.es/wp-content/uploads/2020/06/Dedicatoria-Alau-244x300.png 244w, https://www.sanchez-herrero.es/wp-content/uploads/2020/06/Dedicatoria-Alau-768x943.png 768w" sizes="auto, (max-width: 607px) 100vw, 607px" /></figure>



<p class="has-text-align-center">AL EXCMO. SEÑOR</p>



<p class="has-text-align-center"><strong>DOCTOR D. </strong><strong>EUGENIO ALAU </strong><strong>y COMAS</strong></p>



<p class="has-text-align-center">Antiguo catedrático de Clínica médica de la Universidad de Valladolid, Senador del Reino, Consejero de Instrucción pública, etc, etc.</p>



<p class="has-text-align-center">GRATITUD ETERNA</p>



<p class="has-text-align-center">EL AUTOR</p>



<p class="has-text-align-center"><strong>PRÓLOGO</strong></p>



<p>Después de unas oposiciones, que no interesaron poco la opinión médica en Madrid, y en que tuve el honor de contender con seis maestros en la ciencia patológica (me complazco en reconocerlo) me encuentro casi al mismo tiempo, con el nombramiento de Catedrático y con una disposición legal que previene a los numerarios de nuestra enseñanza oficial, la presentación de sus programas en la Dirección general de Instrucción pública, para elegir entre ellos el mejor que ha de servir de texto en los exámenes de los alumnos procedentes de enseñanza privada.</p>



<p>Nada mejor he podido hacer que remitir el mismo que ha contribuido a darme el puesto que ocupo y que defendí en la referida contienda científica. Pero terminada la copia de la parte expositiva del programa propiamente dicho, le he visto diferir tanto del plan y método aceptado por todos los autores contemporáneos; le he visto tan desnudo sin el razonamiento en que apoyé mi primer trabajo que decidí anteponer este razonamiento al enunciado de sus lecciones, traduciendo así el concepto que tengo de la asignatura que voy a explicar.</p>



<p>Su publicación obedece a otros móviles. No contiene completa la reforma que al presente, se inicia en las ideas patológicas; pero deja ver claramente esa tendencia, y deseo verla juzgada por el público médico, cuyo fallo inapelable es por mí desde luego respetado. En él busco apoyo para mayores empresas, por más que su juicio desfavorable, sin demostración no haría mella grande ni chica en mis arraigadas convicciones. Un tercio de siglo de localización y anatomismo han elevado a la Anatomía normal y patológica, sobre todo en la Histología, a una altura verdaderamente grande; pero doloroso es decirlo, si tal vez el porvenir de las Ciencias médicas está en la Histología y la Histoquimia, ni la Clínica, ni la Terapéutica las deben hoy grandes adelantos y acaso pueden acusarlas de que le sustraen gran número de inteligencias.</p>



<p>De todos modos, los clínicos empiezan a comprender la inutilidad o poco menos, de considerar los trastornos estáticos, contra los que son impotentes, y buscan con afán los determinismos de esos trastornos, para dominarlos, en la fisiología patológica o en la patología propiamente dicha, ateniéndose exclusivamente al fecundísimo terreno de la observación clínica y de la experimentación. La diversidad de organizaciones, ya se las considere en el estado hígido (sano), ya en el estado pático; las variaciones que imprimen en esos estados los cambios cósmicos accidentales, o las condiciones cósmicas habituales; los empobrecimientos vitales a que conducen una moralidad, una higiene y una conducta social disconformes con las necesidades de la perfecta evolución de la vida; los agentes infectantes extra e intraorgánicos etc, etc., son asuntos que el anatomismo relegaba a un lugar muy secundario en sus estudios y que vuelven hoy a ocupar el lugar que merecen en la Patología. En una palabra, la Patología se emancipa del despotismo de las ciencias auxiliares, sin perjuicio de utilizar su valioso concurso, cuando y como crea necesario.</p>



<p>La unidad del ser, vuelve a la supremacía que en mal hora le arrebataron ideas exclusivas y exageradas de localización, dejando a esta la importancia que en justicia le corresponde y, en fin , la Ciencia patológica entra en el verdadero camino de su constitución. Por mi parle, procuro allegar mi primer grano de arena y mi débil impulso para que la realice en un plazo brevísimo. Estas son mis sanas intenciones.</p>



<p>•</p>



<p class="has-text-align-right"><strong>Dr. Abdón Sánchez Herrero</strong></p>



<p class="has-text-align-right"><strong><em>Enero de 1884</em></strong></p>



<p class="has-text-align-right"><a href="https://www.sanchez-herrero.es/libros/Concepto-patologia-Completo.pdf">https://www.sanchez-herrero.es/libros/Concepto-patologia-Completo.pdf</a></p>

<p>AL EXCMO. SEÑOR DOCTOR D. EUGENIO ALAU y COMAS Antiguo catedrático de Clínica médica de la Universidad de Valladolid, Senador del Reino, Consejero de Instrucción pública, etc, etc. GRATITUD ETERNA EL AUTOR PRÓLOGO Después de unas oposiciones, que no interesaron poco la opinión médica en Madrid, y en que tuve el honor de contender con &hellip; </p>
<p class="link-more"><a href="https://www.sanchez-herrero.es/index.php/patologia-1884/" class="more-link">Continuar leyendo<span class="screen-reader-text"> «Patología 1884»</span></a></p>
