{"id":126,"date":"2020-06-02T18:35:54","date_gmt":"2020-06-02T18:35:54","guid":{"rendered":"https:\/\/web.sanchez-herrero.es\/?page_id=126"},"modified":"2020-06-19T18:22:40","modified_gmt":"2020-06-19T18:22:40","slug":"catedras-de-cadiz-valladolid-y-madrid","status":"publish","type":"page","link":"https:\/\/www.sanchez-herrero.es\/index.php\/catedras-de-cadiz-valladolid-y-madrid\/","title":{"rendered":"C\u00e1tedras de C\u00e1diz, Valladolid y Madrid"},"content":{"rendered":"\n<p>De nuevo en su patria, mi bisabuelo Abd\u00f3n curs\u00f3 y aprob\u00f3, en el ciclo acad\u00e9mico de 1880-1881, de la Universidad Central, las asignaturas del periodo del doctorado en Medicina, y el 27 de junio de 1881 practic\u00f3 el ejercicio del grado de Doctor, cuyo t\u00edtulo le fue expedido por el Excmo. Sr. Ministro de Fomento, el 19 de julio de 1881.<\/p>\n\n\n\n<p>Hizo trabajos preparatorios para la asignatura de Patolog\u00eda m\u00e9dica con su cl\u00ednica, dispuesto a la lucha de las oposiciones para cuando hubiera vacante.<\/p>\n\n\n\n<p>Sus oposiciones fueron dos: en la primera obtuvo plaza el Dr. Francisco Moliner Nicol\u00e1s (1851-1915), en la Facultad de Medicina de la Universidad de Valencia, y en la segunda, que era para proveer la c\u00e1tedra de C\u00e1diz, sali\u00f3 victorioso.<\/p>\n\n\n\n<p>Efectivamente, en noviembre&nbsp; y diciembre de 1883 hizo oposiciones a la c\u00e1tedra de Patolog\u00eda m\u00e9dica de la Facultad de Medicina en la Universidad de Sevilla, establecida en C\u00e1diz, siendo propuesto para la misma y nombrado por la Real Orden de 17 de diciembre de 1883. Tom\u00f3 posesi\u00f3n como catedr\u00e1tico el 7 de enero de 1884. Ejerci\u00f3 dicha c\u00e1tedra por el periodo de dos a\u00f1os, cuatro meses y veinticuatro d\u00edas (luego hasta el 25 de mayo de 1886).<\/p>\n\n\n\n<p>Sueldo: 3.500 pesetas al a\u00f1o.<\/p>\n\n\n\n<p>A continuaci\u00f3n reproducimos, la informaci\u00f3n recibida de la Biblioteca Universidad, de la Universidad Hispalense \u2013 Sevilla:<br>\u201cB\u00fasqueda en el archivo Hist\u00f3rico Universitario de Sevilla sobre D. Abd\u00f3n S\u00e1nchez Herrero, Catedr\u00e1tico de Patolog\u00eda M\u00e9dica en la Facultad de Medicina de C\u00e1diz (1884-1886)\u201d.<\/p>\n\n\n\n<p>Libro 915: Expediente de la Facultad de Medicina de C\u00e1diz a 1882-1884, formado por la correspondencia entre la Facultad y el Rectorado. Est\u00e1 encuadernado por orden cronol\u00f3gico, y se han localizado los siguientes documentos referidos al Profesor D. Abd\u00f3n S\u00e1nchez Herrero:<\/p>\n\n\n\n<p>1884 \u2013 enero 7 \u2013 Oficio del Decano al Rector comunicando la toma de posesi\u00f3n del Profesor S\u00e1nchez Herero.<\/p>\n\n\n\n<p>1884 \u2013 marzo 31 \u2013 Instancia del Profesor S\u00e1nchez Herrero solicitando tomar parte en el concurso de Programas, abierto a 31 de diciembre de 1883.<\/p>\n\n\n\n<p>1884 \u2013 junio 14 \u2013 Oficio elevando la instancia del Profesor S\u00e1nchez Herrero solicitando la expedici\u00f3n del t\u00edtulo de catedr\u00e1tico numerario.<\/p>\n\n\n\n<p>1884 \u2013 julio 4 \u2013 Oficio de remisi\u00f3n del t\u00edtulo solicitado.<\/p>\n\n\n\n<p>1884 \u2013 septiembre 9 \u2013 Expediente de nombramiento del Secretario de la Facultad de Medicina de C\u00e1diz a favor del profesor S\u00e1nchez Herrero.<\/p>\n\n\n\n<p>Libro 916: Expediente de la Facultad de Medicina de C\u00e1diz a 1884 -1886 Cuadro de asignaturas y profesores del curso 1884-1885. Profesor de Cl\u00ednica M\u00e9dica y deberes del m\u00e9dico en el ejercicio de su profesi\u00f3n. Firma como Secretario.<\/p>\n\n\n\n<p>Id. Curso 1885 \u2013 1886 &#8211; Profesor de Patolog\u00eda especial M\u00e9dica.<\/p>\n\n\n\n<p>1886 \u2013 junio 26 \u2013 Oficio del Decano al Rector proponiendo el nombramiento de un nuevo Secretario por traslado del profesor S\u00e1nchez Herrero a la Universidad de Zaragoza, de la que ya ha tomado posesi\u00f3n.<\/p>\n\n\n\n<p>Respecto al traslado de Abd\u00f3n a la Universidad de Zaragoza, en la biograf\u00eda del m\u00e9dico D. Manuel Alonso Sa\u00f1udo (1856-1912\/, aparece este p\u00e1rrafo: Ingres\u00f3 como m\u00e9dico en la Beneficencia Municipal de Madrid, puesto en el que permaneci\u00f3 hasta que en 1886 obtuvo, por oposici\u00f3n, la c\u00e1tedra de Patolog\u00eda M\u00e9dica, de la Universidad de Valladolid, que permut\u00f3 con Abd\u00f3n S\u00e1nchez Herrero por la de Cl\u00ednica M\u00e9dica de Zaragoza.<\/p>\n","protected":false},"excerpt":{"rendered":"<p>De nuevo en su patria, mi bisabuelo Abd\u00f3n curs\u00f3 y aprob\u00f3, en el ciclo acad\u00e9mico de 1880-1881, de la Universidad Central, las asignaturas del periodo del doctorado en Medicina, y el 27 de junio de 1881 practic\u00f3 el ejercicio del grado de Doctor, cuyo t\u00edtulo le fue expedido por el Excmo. Sr. Ministro de Fomento, &hellip; <\/p>\n<p class=\"link-more\"><a href=\"https:\/\/www.sanchez-herrero.es\/index.php\/catedras-de-cadiz-valladolid-y-madrid\/\" class=\"more-link\">Continuar leyendo<span class=\"screen-reader-text\"> \u00abC\u00e1tedras de C\u00e1diz, Valladolid y Madrid\u00bb<\/span><\/a><\/p>\n","protected":false},"author":1,"featured_media":0,"parent":0,"menu_order":0,"comment_status":"closed","ping_status":"closed","template":"","meta":{"footnotes":""},"class_list":["post-126","page","type-page","status-publish","hentry"],"_links":{"self":[{"href":"https:\/\/www.sanchez-herrero.es\/index.php\/wp-json\/wp\/v2\/pages\/126","targetHints":{"allow":["GET"]}}],"collection":[{"href":"https:\/\/www.sanchez-herrero.es\/index.php\/wp-json\/wp\/v2\/pages"}],"about":[{"href":"https:\/\/www.sanchez-herrero.es\/index.php\/wp-json\/wp\/v2\/types\/page"}],"author":[{"embeddable":true,"href":"https:\/\/www.sanchez-herrero.es\/index.php\/wp-json\/wp\/v2\/users\/1"}],"replies":[{"embeddable":true,"href":"https:\/\/www.sanchez-herrero.es\/index.php\/wp-json\/wp\/v2\/comments?post=126"}],"version-history":[{"count":3,"href":"https:\/\/www.sanchez-herrero.es\/index.php\/wp-json\/wp\/v2\/pages\/126\/revisions"}],"predecessor-version":[{"id":239,"href":"https:\/\/www.sanchez-herrero.es\/index.php\/wp-json\/wp\/v2\/pages\/126\/revisions\/239"}],"wp:attachment":[{"href":"https:\/\/www.sanchez-herrero.es\/index.php\/wp-json\/wp\/v2\/media?parent=126"}],"curies":[{"name":"wp","href":"https:\/\/api.w.org\/{rel}","templated":true}]}}