{"id":120,"date":"2020-06-02T18:31:27","date_gmt":"2020-06-02T18:31:27","guid":{"rendered":"https:\/\/web.sanchez-herrero.es\/?page_id=120"},"modified":"2020-06-11T15:05:55","modified_gmt":"2020-06-11T15:05:55","slug":"su-amigo-s-ramon-y-cajal","status":"publish","type":"page","link":"https:\/\/www.sanchez-herrero.es\/index.php\/su-amigo-s-ramon-y-cajal\/","title":{"rendered":"Su amigo S. Ram\u00f3n y Cajal"},"content":{"rendered":"\n<p>El a\u00f1o de 1873, Abd\u00f3n S\u00e1nchez Herrero y  Santiago Ram\u00f3n y Cajal se presentaron a las oposiciones para la Sanidad Militar ganando ambos, los primeros n\u00fameros de las 32 plazas convocadas, Abd\u00f3n con el n\u00famero 2 y Santiago con el 6. Posteriormente fueron destinados a Barcelona y el 30 de abril de 1874 reciben \u00f3rdenes de trasladarse a Cuba formando parte del ej\u00e9rcito expedicionario con destino a dicha isla, ambos con el grado de capit\u00e1n m\u00e9dico.<\/p>\n\n\n\n<p>Cajal, en su libro \u201cRecuerdos de mi vida \u2013 tomo I \u2013 Mi infancia y Juventud\u201d, cuenta que:..\u00bbprovisto de cartas de recomendaci\u00f3n para el Capit\u00e1n General y para otros personajes de la isla de Cuba,\u00a0 y una vez recibida la paga de embarque, me traslade a C\u00e1diz, desde donde deb\u00eda zarpar el vapor \u201cEspa\u00f1a\u201d con rumbo a Puerto Rico y Cuba. All\u00ed, en el puerto de C\u00e1diz, nos juntamos varios compa\u00f1eros, entre ellos Abd\u00f3n S\u00e1nchez Herrero ( <strong>1<\/strong> ) a quien acompa\u00f1aba su se\u00f1ora y Joaqu\u00edn Vela, simp\u00e1tico paisano y casi\u00a0 condisc\u00edpulo m\u00edo, pues hab\u00eda terminado la carrera un a\u00f1o antes que yo\u201d.<\/p>\n\n\n\n<p>&nbsp;La traves\u00eda dur\u00f3 dieciocho d\u00edas.<\/p>\n\n\n\n<p><a href=\"http:\/\/cvc.cervantes.es\/ciencia\/cajal\/cajal_recuerdos\/recuerdos\/infancia_22.htm\">http:\/\/cvc.cervantes.es\/ciencia\/cajal\/cajal_recuerdos\/recuerdos\/infancia_22.htm<\/a><\/p>\n\n\n\n<p>Ya en Cuba, desde el 9 de junio de 1874 hasta el 5 de octubre de 1875, ostent\u00f3 el cargo de visitador de los Fuertes de Puerto Pr\u00edncipe (nombre con el que, por mucho tiempo, se denomin\u00f3 a la actual provincia y ciudad de Camag\u00fcey).<\/p>\n\n\n\n<figure class=\"wp-block-image size-large\"><img loading=\"lazy\" decoding=\"async\" width=\"685\" height=\"1024\" src=\"https:\/\/web.sanchez-herrero.es\/wp-content\/uploads\/2020\/06\/Foto-Cajal-dedicada-685x1024.jpg\" alt=\"\" class=\"wp-image-139\" srcset=\"https:\/\/www.sanchez-herrero.es\/wp-content\/uploads\/2020\/06\/Foto-Cajal-dedicada-685x1024.jpg 685w, https:\/\/www.sanchez-herrero.es\/wp-content\/uploads\/2020\/06\/Foto-Cajal-dedicada-201x300.jpg 201w, https:\/\/www.sanchez-herrero.es\/wp-content\/uploads\/2020\/06\/Foto-Cajal-dedicada.jpg 727w\" sizes=\"auto, (max-width: 685px) 100vw, 685px\" \/><figcaption>A mi antiguo disc\u00edpulo Dr. S\u00e1nchez Herrero, en testimonio de afecto y como recuerdo a la buena amistad que me uni\u00f3 a su malogrado padre. S. Ram\u00f3n y Cajal  1932 <\/figcaption><\/figure>\n\n\n\n<p>Copio aqu\u00ed otro p\u00e1rrafo del referido libro de Cajal: Recuerdos de mi vida \u2026 \u201c&nbsp; \u201cD\u00edas&nbsp; despu\u00e9s del reparto de plazas, zarp\u00f3 el vapor que deb\u00eda conducirnos a Nuevitas; en \u00e9l nos embarcamos algunos m\u00e9dicos destinados al Departamento Central, con buen golpe de tropas de refresco para cubrir bajas. Un tren blindado nos traslad\u00f3 en pocas horas desde Nuevitas, a trav\u00e9s del manigual desierto, a la capital del Camag\u00fcey. Aloj\u00e9me en la famosa fonda del \u201cCaballo Blanco\u201d donde se hospedaban tambi\u00e9n mis camaradas Joaqu\u00edn Vela y S\u00e1nchez Herrero .<a href=\"https:\/\/cvc.cervantes.es\/ciencia\/cajal\/cajal_recuerdos\/recuerdos\/infancia_23.htm\">https:\/\/cvc.cervantes.es\/ciencia\/cajal\/cajal_recuerdos\/recuerdos\/infancia_23.htm<\/a><\/p>\n\n\n\n<figure class=\"wp-block-embed\"><div class=\"wp-block-embed__wrapper\">\nhttps:\/\/cvc.cervantes.es\/ciencia\/cajal\/cajal_recuerdos\/recuerdos\/infancia_23.htm\n<\/div><\/figure>\n\n\n\n<p>&#8212;&#8212;&#8212;&#8212;&#8212;&#8212;&#8212;&#8212;&#8212;&#8212;&#8212;&#8212;&#8212;&#8212;&#8212;&#8212;&#8212;&#8212;&#8212;&#8212;&#8212;&#8212;&#8212;&#8212;&#8212;&#8212;&#8212;&#8212;&#8212;&#8212;&#8212;&#8212;&#8212;&#8212;&#8212;&#8212;<\/p>\n\n\n\n<figure class=\"wp-block-image size-large\"><img loading=\"lazy\" decoding=\"async\" width=\"704\" height=\"1024\" src=\"https:\/\/web.sanchez-herrero.es\/wp-content\/uploads\/2020\/06\/Cajal-en-Caballo-Blanco-704x1024.jpg\" alt=\"\" class=\"wp-image-140\" srcset=\"https:\/\/www.sanchez-herrero.es\/wp-content\/uploads\/2020\/06\/Cajal-en-Caballo-Blanco-704x1024.jpg 704w, https:\/\/www.sanchez-herrero.es\/wp-content\/uploads\/2020\/06\/Cajal-en-Caballo-Blanco-206x300.jpg 206w, https:\/\/www.sanchez-herrero.es\/wp-content\/uploads\/2020\/06\/Cajal-en-Caballo-Blanco-768x1117.jpg 768w, https:\/\/www.sanchez-herrero.es\/wp-content\/uploads\/2020\/06\/Cajal-en-Caballo-Blanco.jpg 1024w\" sizes=\"auto, (max-width: 704px) 100vw, 704px\" \/><figcaption>Cajal con sus amigos de la fonda \u00abEl Caballo Blanco\u00bb en Camag\u00fcey <\/figcaption><\/figure>\n\n\n\n<blockquote class=\"wp-block-quote is-layout-flow wp-block-quote-is-layout-flow\"><p><em>D. Abd\u00f3n S\u00e1nchez Herrero abandon\u00f3 en Cuba la carrera militar y lleg\u00f3, por su aplicaci\u00f3n y talento, a Catedr\u00e1tico de Patolog\u00eda M\u00e9dica de la Universidad de Valladolid. Despu\u00e9s regent\u00f3 esa misma c\u00e1tedra en Madrid hasta su prematura muerte<\/em><\/p><cite>1 de Recuerdos de mi vida S.R. Cajal<\/cite><\/blockquote>\n\n\n\n<p>Desde el 7 de octubre de 1874 hasta el 10 de Noviembre de 1875 estuvo destinado en la enfermer\u00eda regimentar\u00eda de San Miguel de Nuevitas, ciudad igualmente enclavada en la provincia de Camag\u00fcey.<\/p>\n\n\n\n<p>Las condiciones de vida en aquellas latitudes eran muy penosas. Por ejemplo, en el aludido libro Recuerdos de mi vida\u201d, dice Cajal lo siguiente: \u201cEn la enfermer\u00eda de Vista Hermosa, en plena manigua, la zona m\u00e1s asolada y despoblada por la guerra, al cuidado de m\u00e1s de 200 enfermos, casi todos pal\u00fadicos o disent\u00e9ricos, procedentes de la columna de operaciones en el Camag\u00fcey, p\u00e9simamente alimentado y con un trabajo superior a mis fuerzas, no obstante la gran resistencia f\u00edsica que ten\u00eda, fui bien pronto atacado de paludismo, experimentando los terribles accesos febriles y las exaltaciones delirantes caracter\u00edsticas de la enfermedad fue agudiz\u00e1ndoseme la fiebre y hubo necesidad de llevarme a ocupar una cama en el hospital de San Miguel. (en San Miguel de Nuevitas estaba destinado mi bisabuelo Abd\u00f3n).<\/p>\n\n\n\n<figure class=\"wp-block-image size-large is-resized\"><img loading=\"lazy\" decoding=\"async\" src=\"https:\/\/web.sanchez-herrero.es\/wp-content\/uploads\/2020\/06\/San-Isidro-trocha-Cubana.jpg\" alt=\"\" class=\"wp-image-142\" width=\"658\" height=\"538\" srcset=\"https:\/\/www.sanchez-herrero.es\/wp-content\/uploads\/2020\/06\/San-Isidro-trocha-Cubana.jpg 500w, https:\/\/www.sanchez-herrero.es\/wp-content\/uploads\/2020\/06\/San-Isidro-trocha-Cubana-300x245.jpg 300w\" sizes=\"auto, (max-width: 658px) 100vw, 658px\" \/><\/figure>\n\n\n\n<p>Al final, Santiago Ram\u00f3n y Cajal, por agravarse en extremo su estado de salud, tuvo que ser evacuado a Espa\u00f1a (1876).<\/p>\n\n\n\n<p>De todo lo expuesto se deduce que en esos a\u00f1os de campa\u00f1a en Cuba, la vida de Abd\u00f3n corri\u00f3 paralela a la de Santiago Ram\u00f3n y Cajal, como tambi\u00e9n, a\u00f1os m\u00e1s tarde, en la Universidad Central (1891-1904), ocup\u00e1ndose cada uno de su c\u00e1tedra.<\/p>\n\n\n\n<figure class=\"wp-block-image size-large is-resized\"><img loading=\"lazy\" decoding=\"async\" src=\"https:\/\/web.sanchez-herrero.es\/wp-content\/uploads\/2020\/06\/ORLA-1898-99-Detalle-1-1024x768.jpg\" alt=\"\" class=\"wp-image-143\" width=\"715\" height=\"536\" srcset=\"https:\/\/www.sanchez-herrero.es\/wp-content\/uploads\/2020\/06\/ORLA-1898-99-Detalle-1-1024x768.jpg 1024w, https:\/\/www.sanchez-herrero.es\/wp-content\/uploads\/2020\/06\/ORLA-1898-99-Detalle-1-300x225.jpg 300w, https:\/\/www.sanchez-herrero.es\/wp-content\/uploads\/2020\/06\/ORLA-1898-99-Detalle-1-768x576.jpg 768w, https:\/\/www.sanchez-herrero.es\/wp-content\/uploads\/2020\/06\/ORLA-1898-99-Detalle-1-1536x1152.jpg 1536w, https:\/\/www.sanchez-herrero.es\/wp-content\/uploads\/2020\/06\/ORLA-1898-99-Detalle-1.jpg 1772w\" sizes=\"auto, (max-width: 715px) 100vw, 715px\" \/><figcaption>Orla de La Universidad Central 1898. En el centro como decano Letamendi, debajo Abd\u00f3n S\u00e1nchez Herrero a su izquierda Juli\u00e1n Calleja y S. Ram\u00f3n y Cajal<\/figcaption><\/figure>\n\n\n\n<p>Orla de La Universidad Central 1898. En el  centro como decano Letamendi, debajo Abd\u00f3n S\u00e1nchez Herrero a su izquierda Juli\u00e1n Calleja y S. Ram\u00f3n y Cajal <\/p>\n\n\n\n<figure class=\"wp-block-image size-large is-resized\"><img loading=\"lazy\" decoding=\"async\" src=\"https:\/\/web.sanchez-herrero.es\/wp-content\/uploads\/2020\/06\/ORLA-1901-02-Detalle-1-1024x768.jpg\" alt=\"\" class=\"wp-image-148\" width=\"726\" height=\"544\" srcset=\"https:\/\/www.sanchez-herrero.es\/wp-content\/uploads\/2020\/06\/ORLA-1901-02-Detalle-1-1024x768.jpg 1024w, https:\/\/www.sanchez-herrero.es\/wp-content\/uploads\/2020\/06\/ORLA-1901-02-Detalle-1-300x225.jpg 300w, https:\/\/www.sanchez-herrero.es\/wp-content\/uploads\/2020\/06\/ORLA-1901-02-Detalle-1-768x576.jpg 768w, https:\/\/www.sanchez-herrero.es\/wp-content\/uploads\/2020\/06\/ORLA-1901-02-Detalle-1-1536x1152.jpg 1536w, https:\/\/www.sanchez-herrero.es\/wp-content\/uploads\/2020\/06\/ORLA-1901-02-Detalle-1.jpg 1772w\" sizes=\"auto, (max-width: 726px) 100vw, 726px\" \/><figcaption>Detalle de la orla de La Universidad Central del curso 1901-02 donde aparecen Santiago Ram\u00f3n y Cajal y Abd\u00f3n S\u00e1nchez Herrero<\/figcaption><\/figure>\n\n\n\n<p>En el a\u00f1o 1902 tiene lugar el Congreso Internacional de Medicina en Madrid<\/p>\n\n\n\n<figure class=\"wp-block-image size-large is-resized\"><img loading=\"lazy\" decoding=\"async\" src=\"https:\/\/web.sanchez-herrero.es\/wp-content\/uploads\/2020\/06\/ORLA-1901-02-Detalle-2-1024x957.jpg\" alt=\"\" class=\"wp-image-149\" width=\"684\" height=\"638\" srcset=\"https:\/\/www.sanchez-herrero.es\/wp-content\/uploads\/2020\/06\/ORLA-1901-02-Detalle-2-1024x957.jpg 1024w, https:\/\/www.sanchez-herrero.es\/wp-content\/uploads\/2020\/06\/ORLA-1901-02-Detalle-2-300x280.jpg 300w, https:\/\/www.sanchez-herrero.es\/wp-content\/uploads\/2020\/06\/ORLA-1901-02-Detalle-2-768x718.jpg 768w, https:\/\/www.sanchez-herrero.es\/wp-content\/uploads\/2020\/06\/ORLA-1901-02-Detalle-2-1536x1435.jpg 1536w, https:\/\/www.sanchez-herrero.es\/wp-content\/uploads\/2020\/06\/ORLA-1901-02-Detalle-2.jpg 1956w\" sizes=\"auto, (max-width: 684px) 100vw, 684px\" \/><figcaption>Detalle de la orla de Abd\u00f3n como catedr\u00e1tico de Patolog\u00eda M\u00e9dica y Cl\u00ednicas<br><\/figcaption><\/figure>\n\n\n\n<figure class=\"wp-block-image size-large is-resized\"><img loading=\"lazy\" decoding=\"async\" src=\"https:\/\/web.sanchez-herrero.es\/wp-content\/uploads\/2020\/06\/ORLA-1904-1024x680.jpg\" alt=\"\" class=\"wp-image-150\" width=\"698\" height=\"463\" srcset=\"https:\/\/www.sanchez-herrero.es\/wp-content\/uploads\/2020\/06\/ORLA-1904-1024x680.jpg 1024w, https:\/\/www.sanchez-herrero.es\/wp-content\/uploads\/2020\/06\/ORLA-1904-300x199.jpg 300w, https:\/\/www.sanchez-herrero.es\/wp-content\/uploads\/2020\/06\/ORLA-1904-768x510.jpg 768w, https:\/\/www.sanchez-herrero.es\/wp-content\/uploads\/2020\/06\/ORLA-1904-1536x1020.jpg 1536w, https:\/\/www.sanchez-herrero.es\/wp-content\/uploads\/2020\/06\/ORLA-1904.jpg 2048w\" sizes=\"auto, (max-width: 698px) 100vw, 698px\" \/><figcaption>Orla de 1904, a\u00f1o de su prematura muerte<\/figcaption><\/figure>\n\n\n\n<p>En su doble condici\u00f3n de antiguos amigos y compa\u00f1eros como catedr\u00e1ticos en La Universidad Central, se me antoja como muy improbable el hecho de que Abd\u00f3n S.H. y Santiago R.C. no hubieran tenido encuentros de debate sobre esta materia de la sugesti\u00f3n hipn\u00f3tica. <\/p>\n\n\n\n<p>Por un lado tenemos las tres ediciones del Hipnotismo y la Sugesti\u00f3n con autor y obra como referentes sobre esta materia en su \u00e9poca y a Santiago R. y C. reconocido por su trabajo sobre la neurona pero a la vez intrigado sobre el efecto de la sugesti\u00f3n hipn\u00f3tica sobre el cerebro en general y sobre sus efectos analg\u00e9sicos que pudo experimentar incluso con los \u00faltimos partos de su mujer.<\/p>\n\n\n\n<p> <strong>El Hipnotismo y Cajal<\/strong> (Extra\u00eddo de  <a href=\"https:\/\/jralonso.es\/2014\/07\/14\/cajal-hipnotizador\/\">https:\/\/jralonso.es\/2014\/07\/14\/cajal-hipnotizador\/<\/a> ) Ram\u00f3n y Cajal alcanz\u00f3 un buen prestigio\u00a0como hipnotizador, con una notable influencia sobre la imaginaci\u00f3n de sus pacientes y con un enorme \u00e9xito tambi\u00e9n en su uso como terapia, siguiendo la l\u00ednea del grupo de Nancy: \u00ab<em>llevando la sugesti\u00f3n al terreno terap\u00e9utico, consegu\u00ed realizar prodigios que envidiar\u00eda el m\u00e1s h\u00e1bil de los taumaturgos<\/em>\u00bb, logrando la \u00ab<em>transformaci\u00f3n radical del estado emocional de los enfermos, la restauraci\u00f3n del apetito en histeroepil\u00e9pticas inapetentes y emaciad\u00edsimas, la cesi\u00f3n brusca de ataques de histerismo con p\u00e9rdida del conocimiento, el olvido radical de acontecimientos dolorosos y atormentadores y la abolici\u00f3n completa de los dolores del parto en mujeres normales<\/em>\u00bb. Algunas de esas sugestiones se manten\u00edan un tiempo: \u00ab<em>Sujeto hubo que ajust\u00f3 estrictamente su vida, durante una semana, a un programa especial lleno de acciones extravagantes e il\u00f3gicas, sugerido durante el estado somnamb\u00falico<\/em>\u00bb.<\/p>\n\n\n\n<p>Pero fue tal el \u00e9xito que empez\u00f3 a suponer un problema para el propio Cajal:<\/p>\n\n\n\n<p><em>La fama de ciertas curas milagrosas reca\u00eddas en hist\u00e9ricas y neurast\u00e9nicos divulg\u00f3se r\u00e1pidamente por la ciudad. A mi consulta acud\u00edan enjambres de desequilibrados y hasta de locos de atar. Ocasi\u00f3n propicia hubiera sido aqu\u00e9lla para crearme ping\u00fce clientela, si mi car\u00e1cter y mis gustos lo hubieran consentido. Pero, satisfecha mi curiosidad, licenci\u00e9 a mis enfermos, a quienes, naturalmente, no sol\u00eda pasar la nota de mis honorarios: harto pagado quedaba con que se prestaran d\u00f3cilmente a mis experimentos.<\/em><\/p>\n\n\n\n<div class=\"wp-block-image\"><figure class=\"alignright\"><img decoding=\"async\" src=\"https:\/\/jralonsoes.files.wordpress.com\/2014\/07\/silveria.jpg?w=206&amp;h=300\" alt=\"SILVERIA\" class=\"wp-image-317364\"\/><\/figure><\/div>\n\n\n\n<p>Cajal, viendo las posibilidades que ten\u00eda el hipnotismo para generar analgesia, para suprimir la sensaci\u00f3n dolorosa decidi\u00f3 probarlo en su propia esposa, Silveira Fa\u00f1an\u00e1s, que sufr\u00eda partos extremadamente largos y dolorosos. Cajal est\u00e1 ya en la siguiente etapa de su periplo acad\u00e9mico, la c\u00e1tedra de Barcelona, y decide ver si el hipnotismo ayuda&nbsp;a do\u00f1a Silveria que se encuentra en su sexto embarazo. Cajal aclara que su mujer tiene buena constituci\u00f3n f\u00edsica, que ha tenido cinco hijos y que ha participado anteriormente en pruebas de hipnotismo.&nbsp;Por ese motivo sabe que responde con facilidad a las sugestiones hipn\u00f3ticas, que experimenta catalepsia y anestesia en un estado sonamb\u00falico perfecto y que no recuerda posteriormente lo experimentado durante el sue\u00f1o. Don Santiago induce en do\u00f1a Silveria un trance hipn\u00f3tico diez d\u00edas antes del parto e intenta implantar&nbsp;en la mente de su esposa que el parto ser\u00e1 corto y que \u00ab<em>tendr\u00e1 Vd. conciencia de los dolores m\u00e1s en\u00e9rgicos que producen la dilataci\u00f3n de la matriz y la expulsi\u00f3n del feto; pero su levedad ser\u00e1 tal, que no podr\u00e1 diferenciarlos de los m\u00e1s ligeros, llamados moscas o preparantes<\/em>\u00bb. Es una estrategia prudente no llegar a una analgesia total que quiz\u00e1 pensar\u00eda Cajal podr\u00eda dificultar la colaboraci\u00f3n de su esposa en el parto. Llegado el momento del inicio del alumbramiento, la paciente empez\u00f3 a sentir contracciones pero sigui\u00f3 con sus actividades dom\u00e9sticas. Cuando aparecieron las contracciones de dilataci\u00f3n que se hicieron&nbsp;en\u00e9rgicas con rapidez, tuvo que abandonar sus quehaceres cotidianos \u201c<em>pero no por lo dolores que seg\u00fan su confesi\u00f3n apenas eran percibidos<\/em>\u201d sino por la dificultad en la respiraci\u00f3n y la aceleraci\u00f3n del pulso que iban unidas al esfuerzo muscular. El resultado fue el nacimiento de un beb\u00e9 en menos de media hora, la se\u00f1ora de Cajal&nbsp;estaba asombrada de&nbsp;que todo hubiese sucedido tan r\u00e1pido y se traslad\u00f3 por s\u00ed sola a la cama comentando con enorme alegr\u00eda a los asistentes que no se pod\u00eda creer que no hubiera sufrido&nbsp;apenas dolor.<\/p>\n\n\n\n<div class=\"wp-block-image\"><figure class=\"alignleft\"><img decoding=\"async\" src=\"https:\/\/jralonsoes.files.wordpress.com\/2014\/07\/ramon_y_cajal_santiago_con_su_familia_en_1894_20121221_1033716690.jpg?w=296&amp;h=300\" alt=\"ramon_y_cajal_santiago_con_su_familia_en_1894_20121221_1033716690\" class=\"wp-image-317365\"\/><\/figure><\/div>\n\n\n\n<p>Cajal public\u00f3 los positivos resultados de esta experiencia en la Gaceta M\u00e9dica Catalana y en ese art\u00edculo aclara que el parto fue breve y el dolor mucho menor de lo habitual tras el tratamiento hipn\u00f3tico realizado. Del acortamiento del parto, por prudencia de buen cient\u00edfico no llega a atribuirlo con claridad a la hipnosis y nos dice \u00ab.<em>.es posible que los m\u00fasculos de la vida org\u00e1nica pueden acrecentar sus contracciones bajo el est\u00edmulo de la sugesti\u00f3n hipn\u00f3tica, pero se precisan varios casos concordantes para establecer entre ambos fen\u00f3menos una relaci\u00f3n etiol\u00f3gica<\/em>\u00bb. Sobre la disminuci\u00f3n de dolor s\u00ed es m\u00e1s contundente en su relaci\u00f3n con el fen\u00f3meno sugestivo, Silveria Fa\u00f1an\u00e1s no experiment\u00f3 los dolores que preceden al parto ni los que se producen en el alumbramiento. En los momentos de m\u00e1ximo dolor como cuando la cabeza del ni\u00f1o abre el cuello&nbsp;del \u00fatero dec\u00eda notarlo pero muy levemente. Aunque somnolienta en el momento del parto, era consciente de las contracciones de la matriz, en forma de sensaci\u00f3n t\u00e1ctil, contracci\u00f3n mec\u00e1nica e impresi\u00f3n de fatiga, pero no como dolor. Cajal intenta dar una explicaci\u00f3n fisiol\u00f3gica a lo acontecido:&nbsp;&nbsp;\u00ab\u2026<em>hab\u00edendose paralizado los nervios del dolor, quedan inc\u00f3lumes los que conducen al sensorio las excitaciones t\u00e1ctiles y el estado de la contracci\u00f3n muscular<\/em>\u00bb.&nbsp;Este peque\u00f1o trabajo deb\u00eda ser de su aprecio pues cuando en 1924 prepara una recopilaci\u00f3n de los trabajos m\u00e1s relevantes de su carrera cient\u00edfica para su edici\u00f3n conjunta lo incluye en la selecci\u00f3n. Los dos \u00faltimos hijos de Cajal, Luis y Pilar, nacieron tras la hipnosis&nbsp;de la madre.<\/p>\n\n\n\n<p>Tras aquellos a\u00f1os en que explor\u00f3 el hipnotismo, Cajal experiment\u00f3, como conclusi\u00f3n, dos sentimientos, sorpresa que \u00e9l denomina estupor y un sentimiento ambivalente sobre el poder de la sugesti\u00f3n que \u00e9l denomina&nbsp;decepci\u00f3n.<\/p>\n\n\n\n<p><em>Estupor, al reconocer la realidad de fen\u00f3menos de automatismo cerebral, estimados hasta entonces como farsas y trampantojos de magnetizadores de circo.<\/em><\/p>\n\n\n\n<p><em>Decepci\u00f3n dolorosa, al considerar que el tan decantado cerebro humano, \u00abla obra maestra de la creaci\u00f3n\u00bb, adolece del enorme defecto de la sugestibilidad; defecto en cuya virtud, hasta la m\u00e1s excelsa inteligencia puede, en ocasiones, convertirse por ministerio de h\u00e1biles sugestionadores, conscientes o inconscientes (oradores, pol\u00edticos, guerreros, ap\u00f3stoles, etc.), en humilde y pasivo instrumento de delirios, ambiciones o codicias.<\/em><\/p>\n\n\n\n<div class=\"wp-block-image\"><figure class=\"alignright\"><img decoding=\"async\" src=\"https:\/\/jralonsoes.files.wordpress.com\/2014\/07\/minas.jpg?w=300&amp;h=213\" alt=\"minas\" class=\"wp-image-317366\"\/><\/figure><\/div>\n\n\n\n<p>En 1936, el Instituto de Higiene Alfonso XIII del que Cajal hab\u00eda sido director fue destruido&nbsp;en el asalto a la Ciudad Universitaria por parte del ej\u00e9rcito franquista y all\u00ed se perdi\u00f3 el manuscrito de una obra in\u00e9dita de Cajal, terminada unos meses antes de su fallecimiento y que estaba a punto de publicarse.&nbsp;El libro se titulaba&nbsp;<em>La omnipotencia de la sugesti\u00f3n: Hipnotismo, Espiritismo y Metempsicosis<\/em>. Cajal inclu\u00eda tambi\u00e9n, quiz\u00e1 por cierta influencia freudiana aunque no era un autor por el que tuviera gran estima, &nbsp;la s\u00edntesis,&nbsp; an\u00e1lisis y posible significaci\u00f3n de miles de sue\u00f1os cuidadosamente registrados. Este manuscrito termin\u00f3 siendo una v\u00edctima m\u00e1s, intelectual en este caso, de ese conflicto desgarrador del siglo XX, la Guerra Civil espa\u00f1ola.<\/p>\n","protected":false},"excerpt":{"rendered":"<p>El a\u00f1o de 1873, Abd\u00f3n S\u00e1nchez Herrero y Santiago Ram\u00f3n y Cajal se presentaron a las oposiciones para la Sanidad Militar ganando ambos, los primeros n\u00fameros de las 32 plazas convocadas, Abd\u00f3n con el n\u00famero 2 y Santiago con el 6. Posteriormente fueron destinados a Barcelona y el 30 de abril de 1874 reciben \u00f3rdenes &hellip; <\/p>\n<p class=\"link-more\"><a href=\"https:\/\/www.sanchez-herrero.es\/index.php\/su-amigo-s-ramon-y-cajal\/\" class=\"more-link\">Continuar leyendo<span class=\"screen-reader-text\"> \u00abSu amigo S. Ram\u00f3n y Cajal\u00bb<\/span><\/a><\/p>\n","protected":false},"author":1,"featured_media":0,"parent":0,"menu_order":0,"comment_status":"closed","ping_status":"closed","template":"","meta":{"footnotes":""},"class_list":["post-120","page","type-page","status-publish","hentry"],"_links":{"self":[{"href":"https:\/\/www.sanchez-herrero.es\/index.php\/wp-json\/wp\/v2\/pages\/120","targetHints":{"allow":["GET"]}}],"collection":[{"href":"https:\/\/www.sanchez-herrero.es\/index.php\/wp-json\/wp\/v2\/pages"}],"about":[{"href":"https:\/\/www.sanchez-herrero.es\/index.php\/wp-json\/wp\/v2\/types\/page"}],"author":[{"embeddable":true,"href":"https:\/\/www.sanchez-herrero.es\/index.php\/wp-json\/wp\/v2\/users\/1"}],"replies":[{"embeddable":true,"href":"https:\/\/www.sanchez-herrero.es\/index.php\/wp-json\/wp\/v2\/comments?post=120"}],"version-history":[{"count":9,"href":"https:\/\/www.sanchez-herrero.es\/index.php\/wp-json\/wp\/v2\/pages\/120\/revisions"}],"predecessor-version":[{"id":177,"href":"https:\/\/www.sanchez-herrero.es\/index.php\/wp-json\/wp\/v2\/pages\/120\/revisions\/177"}],"wp:attachment":[{"href":"https:\/\/www.sanchez-herrero.es\/index.php\/wp-json\/wp\/v2\/media?parent=120"}],"curies":[{"name":"wp","href":"https:\/\/api.w.org\/{rel}","templated":true}]}}