{"id":117,"date":"2020-06-02T18:27:07","date_gmt":"2020-06-02T18:27:07","guid":{"rendered":"https:\/\/web.sanchez-herrero.es\/?page_id=117"},"modified":"2020-06-09T17:59:43","modified_gmt":"2020-06-09T17:59:43","slug":"primeros-estudios","status":"publish","type":"page","link":"https:\/\/www.sanchez-herrero.es\/index.php\/primeros-estudios\/","title":{"rendered":"Biograf\u00eda"},"content":{"rendered":"\n<p>Abd\u00f3n naci\u00f3 en el seno de una familia humilde. Su padre desempe\u00f1aba el cargo de maestro de primea ense\u00f1anza y secretario del&nbsp; Ayuntamiento de aquella aldea. Desde su infancia comprendi\u00f3 que aquel medio ambiente no era el m\u00e1s apropiado para lo que de mayor deseaba ser; siempre repet\u00eda a su madre: \u201dyo no quiero permanecer en este lugar para ser toda mi vida un labrador m\u00e1s. Yo quiero ir a Salamanca a estudiar para hacerme m\u00e9dico\u201d.<\/p>\n\n\n\n<p>Y el amor maternal, luchando con mil obst\u00e1culos, logr\u00f3 trazarle el camino de su porvenir.<\/p>\n\n\n\n<p>En el pueblo permaneci\u00f3 hasta la edad de diecis\u00e9is a\u00f1os y sali\u00f3 del mismo para Salamanca en 1868, con tan escasos recursos materiales como provisto de una fe grande en Dios y en su propio trabajo. Desde luego, su instrucci\u00f3n era rudimentaria.<\/p>\n\n\n\n<p>Pero gracias a un esfuerzo colosal de entendimiento, logr\u00f3, en cinco a\u00f1os, o sea del 1868 al 1873, cursar por Ense\u00f1anza libre, el bachillerato en dos a\u00f1os y la carrera de medicina en tres.<\/p>\n\n\n\n<p>Voy ahora a contar un detalle de la vida escolar de mi abuelo, tan instructivo como tierno: por la pobreza de su hogar, muchas veces no pudo comprar libros de texto y ten\u00eda que estudiar sus lecciones vali\u00e9ndose de apuntes tomados en c\u00e1tedra y acudiendo a la biblioteca de la Universidad. Incluso, por la misma raz\u00f3n de falta de dinero para adquirir velas, estudiaba a la luz de los soportales de la Plaza Mayor de Salamanca. No se trataba, pues, de un estudiante de sill\u00f3n de terciopelo, como dec\u00eda D. Miguel&nbsp; Morayta Sagrario (1834-1917), ide\u00f3logo espiritualista y adalid de masones, periodista y catedr\u00e1tico de Historia&nbsp; de Espa\u00f1a, primero y m\u00e1s tarde de Historia Universal en la Universidad Central desde 1868.<\/p>\n\n\n\n<p>Mi abuelo era un trabajador a quien le faltaban los auxilios econ\u00f3micos, teniendo que sacarlo todo de su labor diaria.<\/p>\n\n\n\n<p>Curs\u00f3 y aprob\u00f3, desde el a\u00f1o acad\u00e9mico de 1870-1871 hasta el de 1872-1873, ambos inclusive, todas las asignaturas del a\u00f1o preparatorio y periodo de licenciatura en Medicina, verificando el 23 de junio de 1873 los ejercicios de este grado, que le fueron aprobados. Todo ello lo realiz\u00f3 en la Facultad de Medicina de la Universidad de Salamanca, cuyo claustro le expidi\u00f3 el correspondiente t\u00edtulo, previas las formalidades de la ley, el 25 de junio de 1873. Fue m\u00e9dico, por tanto, a los 21 a\u00f1os.<\/p>\n\n\n\n<p>Tres d\u00edas despu\u00e9s de esa fecha, o sea,&nbsp; el 28 de junio de 1873, contrajo matrimonio con Rafaela Margarita Hern\u00e1ndez y Sancho, natural de Badajoz, hija de Pedro Hern\u00e1ndez y Rodrigo y Joaquina Sancho Lario. La novia ten\u00eda 32 a\u00f1os y el novio los indicados 21.<\/p>\n\n\n\n<p>Empez\u00f3 a ejercer la carrera de m\u00e9dico en una peque\u00f1a aldea llamada Armenteros (municipio de la Comarca de Tierra de Alba, en la provincia de Salamanca). All\u00ed estuvo tan s\u00f3lo durante tres meses.<\/p>\n\n\n\n<p>En el mismo a\u00f1o de 1873, cuando se decret\u00f3 el servicio militar obligatorio, fue declarado soldado en la c\u00e9lebre quinta de Castelar. Hizo oposiciones a Sanidad Militar y gan\u00f3 con el n\u00famero 2 una de las 32 plazas convocadas. Tambi\u00e9n se present\u00f3 a dichas oposiciones Santiago Ram\u00f3n y Cajal, obteniendo \u00e9ste plaza con el n\u00famero 6 de las mencionadas 32.<\/p>\n\n\n\n<p>El 3 de noviembre de 1873 fue nombrado por el Gobierno de la Rep\u00fablica, cuyo presidente era Emilio Castelar y Ripoll (1832-1899), m\u00e9dico segundo del citado cuerpo de Sanidad Militar, destin\u00e1ndosele al Hospital Militar de Barcelona. Tom\u00f3 posesi\u00f3n del cargo el 1 de diciembre de 1873 y prest\u00f3 sus servicios facultativos hasta el 27 de febrero de 1874.<\/p>\n\n\n\n<p>El 20 de febrero de ese a\u00f1o, 1874, hab\u00eda ascendido a m\u00e9dico primero de Sanidad Militar.<\/p>\n\n\n\n<p>Del 28 de febrero de 1874 a mediados de abril del mismo a\u00f1o estuvo en el batall\u00f3n de reserva de Barcelona.<\/p>\n","protected":false},"excerpt":{"rendered":"<p>Abd\u00f3n naci\u00f3 en el seno de una familia humilde. Su padre desempe\u00f1aba el cargo de maestro de primea ense\u00f1anza y secretario del&nbsp; Ayuntamiento de aquella aldea. Desde su infancia comprendi\u00f3 que aquel medio ambiente no era el m\u00e1s apropiado para lo que de mayor deseaba ser; siempre repet\u00eda a su madre: \u201dyo no quiero permanecer &hellip; <\/p>\n<p class=\"link-more\"><a href=\"https:\/\/www.sanchez-herrero.es\/index.php\/primeros-estudios\/\" class=\"more-link\">Continuar leyendo<span class=\"screen-reader-text\"> \u00abBiograf\u00eda\u00bb<\/span><\/a><\/p>\n","protected":false},"author":1,"featured_media":0,"parent":0,"menu_order":0,"comment_status":"closed","ping_status":"closed","template":"","meta":{"footnotes":""},"class_list":["post-117","page","type-page","status-publish","hentry"],"_links":{"self":[{"href":"https:\/\/www.sanchez-herrero.es\/index.php\/wp-json\/wp\/v2\/pages\/117","targetHints":{"allow":["GET"]}}],"collection":[{"href":"https:\/\/www.sanchez-herrero.es\/index.php\/wp-json\/wp\/v2\/pages"}],"about":[{"href":"https:\/\/www.sanchez-herrero.es\/index.php\/wp-json\/wp\/v2\/types\/page"}],"author":[{"embeddable":true,"href":"https:\/\/www.sanchez-herrero.es\/index.php\/wp-json\/wp\/v2\/users\/1"}],"replies":[{"embeddable":true,"href":"https:\/\/www.sanchez-herrero.es\/index.php\/wp-json\/wp\/v2\/comments?post=117"}],"version-history":[{"count":3,"href":"https:\/\/www.sanchez-herrero.es\/index.php\/wp-json\/wp\/v2\/pages\/117\/revisions"}],"predecessor-version":[{"id":173,"href":"https:\/\/www.sanchez-herrero.es\/index.php\/wp-json\/wp\/v2\/pages\/117\/revisions\/173"}],"wp:attachment":[{"href":"https:\/\/www.sanchez-herrero.es\/index.php\/wp-json\/wp\/v2\/media?parent=117"}],"curies":[{"name":"wp","href":"https:\/\/api.w.org\/{rel}","templated":true}]}}

Biografía

<p>Abdón nació en el seno de una familia humilde. Su padre desempeñaba el cargo de maestro de primea enseñanza y secretario del&nbsp; Ayuntamiento de aquella aldea. Desde su infancia comprendió que aquel medio ambiente no era el más apropiado para lo que de mayor deseaba ser; siempre repetía a su madre: ”yo no quiero permanecer en este lugar para ser toda mi vida un labrador más. Yo quiero ir a Salamanca a estudiar para hacerme médico”.</p>



<p>Y el amor maternal, luchando con mil obstáculos, logró trazarle el camino de su porvenir.</p>



<p>En el pueblo permaneció hasta la edad de dieciséis años y salió del mismo para Salamanca en 1868, con tan escasos recursos materiales como provisto de una fe grande en Dios y en su propio trabajo. Desde luego, su instrucción era rudimentaria.</p>



<p>Pero gracias a un esfuerzo colosal de entendimiento, logró, en cinco años, o sea del 1868 al 1873, cursar por Enseñanza libre, el bachillerato en dos años y la carrera de medicina en tres.</p>



<p>Voy ahora a contar un detalle de la vida escolar de mi abuelo, tan instructivo como tierno: por la pobreza de su hogar, muchas veces no pudo comprar libros de texto y tenía que estudiar sus lecciones valiéndose de apuntes tomados en cátedra y acudiendo a la biblioteca de la Universidad. Incluso, por la misma razón de falta de dinero para adquirir velas, estudiaba a la luz de los soportales de la Plaza Mayor de Salamanca. No se trataba, pues, de un estudiante de sillón de terciopelo, como decía D. Miguel&nbsp; Morayta Sagrario (1834-1917), ideólogo espiritualista y adalid de masones, periodista y catedrático de Historia&nbsp; de España, primero y más tarde de Historia Universal en la Universidad Central desde 1868.</p>



<p>Mi abuelo era un trabajador a quien le faltaban los auxilios económicos, teniendo que sacarlo todo de su labor diaria.</p>



<p>Cursó y aprobó, desde el año académico de 1870-1871 hasta el de 1872-1873, ambos inclusive, todas las asignaturas del año preparatorio y periodo de licenciatura en Medicina, verificando el 23 de junio de 1873 los ejercicios de este grado, que le fueron aprobados. Todo ello lo realizó en la Facultad de Medicina de la Universidad de Salamanca, cuyo claustro le expidió el correspondiente título, previas las formalidades de la ley, el 25 de junio de 1873. Fue médico, por tanto, a los 21 años.</p>



<p>Tres días después de esa fecha, o sea,&nbsp; el 28 de junio de 1873, contrajo matrimonio con Rafaela Margarita Hernández y Sancho, natural de Badajoz, hija de Pedro Hernández y Rodrigo y Joaquina Sancho Lario. La novia tenía 32 años y el novio los indicados 21.</p>



<p>Empezó a ejercer la carrera de médico en una pequeña aldea llamada Armenteros (municipio de la Comarca de Tierra de Alba, en la provincia de Salamanca). Allí estuvo tan sólo durante tres meses.</p>



<p>En el mismo año de 1873, cuando se decretó el servicio militar obligatorio, fue declarado soldado en la célebre quinta de Castelar. Hizo oposiciones a Sanidad Militar y ganó con el número 2 una de las 32 plazas convocadas. También se presentó a dichas oposiciones Santiago Ramón y Cajal, obteniendo éste plaza con el número 6 de las mencionadas 32.</p>



<p>El 3 de noviembre de 1873 fue nombrado por el Gobierno de la República, cuyo presidente era Emilio Castelar y Ripoll (1832-1899), médico segundo del citado cuerpo de Sanidad Militar, destinándosele al Hospital Militar de Barcelona. Tomó posesión del cargo el 1 de diciembre de 1873 y prestó sus servicios facultativos hasta el 27 de febrero de 1874.</p>



<p>El 20 de febrero de ese año, 1874, había ascendido a médico primero de Sanidad Militar.</p>



<p>Del 28 de febrero de 1874 a mediados de abril del mismo año estuvo en el batallón de reserva de Barcelona.</p>

<p>Abdón nació en el seno de una familia humilde. Su padre desempeñaba el cargo de maestro de primea enseñanza y secretario del&nbsp; Ayuntamiento de aquella aldea. Desde su infancia comprendió que aquel medio ambiente no era el más apropiado para lo que de mayor deseaba ser; siempre repetía a su madre: ”yo no quiero permanecer &hellip; </p>
<p class="link-more"><a href="https://www.sanchez-herrero.es/index.php/primeros-estudios/" class="more-link">Continuar leyendo<span class="screen-reader-text"> «Biografía»</span></a></p>
