{"id":102,"date":"2020-06-02T18:09:11","date_gmt":"2020-06-02T18:09:11","guid":{"rendered":"https:\/\/web.sanchez-herrero.es\/?page_id=102"},"modified":"2020-06-19T18:16:09","modified_gmt":"2020-06-19T18:16:09","slug":"abdon-sanchez-herrero-1886-en-valladolid","status":"publish","type":"page","link":"https:\/\/www.sanchez-herrero.es\/index.php\/abdon-sanchez-herrero-1886-en-valladolid\/","title":{"rendered":"Nace la Psicoterapia"},"content":{"rendered":"\n<div class=\"wp-block-image\"><figure class=\"alignleft size-large is-resized\"><img loading=\"lazy\" decoding=\"async\" src=\"https:\/\/web.sanchez-herrero.es\/wp-content\/uploads\/2020\/06\/Abdo\u0301n-S.H.-Hipnotizando-hijo-001-728x1024.jpg\" alt=\"\" class=\"wp-image-43\" width=\"1078\" height=\"1515\" srcset=\"https:\/\/www.sanchez-herrero.es\/wp-content\/uploads\/2020\/06\/Abdo\u0301n-S.H.-Hipnotizando-hijo-001-728x1024.jpg 728w, https:\/\/www.sanchez-herrero.es\/wp-content\/uploads\/2020\/06\/Abdo\u0301n-S.H.-Hipnotizando-hijo-001-213x300.jpg 213w, https:\/\/www.sanchez-herrero.es\/wp-content\/uploads\/2020\/06\/Abdo\u0301n-S.H.-Hipnotizando-hijo-001-768x1080.jpg 768w, https:\/\/www.sanchez-herrero.es\/wp-content\/uploads\/2020\/06\/Abdo\u0301n-S.H.-Hipnotizando-hijo-001-1093x1536.jpg 1093w, https:\/\/www.sanchez-herrero.es\/wp-content\/uploads\/2020\/06\/Abdo\u0301n-S.H.-Hipnotizando-hijo-001.jpg 1286w\" sizes=\"auto, (max-width: 767px) 89vw, (max-width: 1000px) 54vw, (max-width: 1071px) 543px, 580px\" \/><figcaption>Abd\u00f3n S\u00e1nchez Herrero utilizando uno de sus inventos para facilitar la provocaci\u00f3n de la hipn\u00f3sis en sus pacientes, durante su etapa en la Universidad de Valladolid <br>en el curso 1886-1887<br><br><\/figcaption><\/figure><\/div>\n\n\n\n<p><\/p>\n\n\n\n<p>Durante el ejercicio de su c\u00e1tedra en Valladolid, tuvo la oportunidad de poner en pr\u00e1ctica sus experimentos con la sugesti\u00f3n hipn\u00f3tica, creando una gran expectaci\u00f3n en estudiantes y admiradores que segu\u00edan sus publicaciones en prensa o acud\u00edan a sus conferencias en la Universidad.<\/p>\n\n\n\n<p>A pesar de la investigaci\u00f3n cient\u00edfica sobre la hipnosis que se realizaba por aquellos a\u00f1os en Europa, principalmente en Francia de la mano de Charcot o Bernheim, el hipnotismo en Espa\u00f1a sin embargo, parec\u00eda estar reservado a teatros donde la credulidad de los simples o la praxis enga\u00f1osa de los empresarios del espect\u00e1culo, hac\u00edan parecerlo desaconsejable para el mundo universitario.<\/p>\n\n\n\n<p> Por otro lado la reticencia de la Iglesia sobre estas pr\u00e1cticas, provocaron una gran presi\u00f3n para que mi bisabuelo cesara en su empe\u00f1o bajo la advertencia directa de La Universidad de la posibilidad de perder su c\u00e1tedra, cosa que al final sucedi\u00f3.<\/p>\n\n\n\n<p> Gracias a el apoyo incondicional de los estudiantes aquello qued\u00f3 en una triste y dura an\u00e9cdota que se zanj\u00f3 definitivamente, con el \u00e9xito de la primera edici\u00f3n  de la voluminosa obra del Hipnotismo y la Sugesti\u00f3n de la que se publicaron tres ediciones.<\/p>\n\n\n\n<p>Esta obra sigue siendo foco de investigaci\u00f3n por historiadores como la de mayor reconocimiento en esta materia.<\/p>\n\n\n\n<p>En el pr\u00f3logo de la 1\u00ba edici\u00f3n en agosto de 1887 habla ya de una nueva t\u00e9cnica terap\u00e9utica en la que utilizando un neologismo denomina <strong>Psico-terapia<\/strong>, fundamentada en su conocimiento y experimentaci\u00f3n en Psico-f\u00edsica y Fisio-psicolog\u00eda. <\/p>\n\n\n\n<figure class=\"wp-block-image size-large is-resized\"><img loading=\"lazy\" decoding=\"async\" src=\"https:\/\/web.sanchez-herrero.es\/wp-content\/uploads\/2020\/06\/Portada-1\u00aa-Edicio\u0301n-HipSug-670x1024.jpg\" alt=\"\" class=\"wp-image-194\" width=\"825\" height=\"1260\" srcset=\"https:\/\/www.sanchez-herrero.es\/wp-content\/uploads\/2020\/06\/Portada-1\u00aa-Edicio\u0301n-HipSug-670x1024.jpg 670w, https:\/\/www.sanchez-herrero.es\/wp-content\/uploads\/2020\/06\/Portada-1\u00aa-Edicio\u0301n-HipSug-196x300.jpg 196w, https:\/\/www.sanchez-herrero.es\/wp-content\/uploads\/2020\/06\/Portada-1\u00aa-Edicio\u0301n-HipSug.jpg 756w\" sizes=\"auto, (max-width: 767px) 89vw, (max-width: 1000px) 54vw, (max-width: 1071px) 543px, 580px\" \/><\/figure>\n\n\n\n<p><strong>Hipnotismo y Sugesti\u00f3n<\/strong><\/p>\n\n\n\n<p><a href=\"https:\/\/web.sanchez-herrero.es\/index.php\/hipnotismo-y-sugestion-prensa-1886-87\/\">Primeras publicaciones en prensa 1886-1887<\/a><\/p>\n\n\n\n<p><a href=\"http:\/\/bdh-rd.bne.es\/viewer.vm?id=0000237982&amp;page=7\" target=\"_blank\" rel=\"noreferrer noopener\">1\u00aa Edici\u00f3n 1889 (libro) Valladolid<\/a><\/p>\n\n\n\n<p>2\u00aa Edici\u00f3n 1891 (libro) Valladolid<\/p>\n\n\n\n<p>Publicaci\u00f3n de la 3\u00aa Edici\u00f3n en prensa 1899<\/p>\n\n\n\n<p>3\u00aa Edici\u00f3n 1905 (libro) Madrid<\/p>\n\n\n\n<p><strong>Enlaces a La Biblioteca Nacional<\/strong><\/p>\n\n\n\n<p>Definici\u00f3n Psicoterapia a Julian Calleja Julio 1887<\/p>\n\n\n\n<p><a href=\"http:\/\/bdh-rd.bne.es\/viewer.vm?id=0000237982&amp;page=11\">http:\/\/bdh-rd.bne.es\/viewer.vm?id=0000237982&amp;page=11<\/a><\/p>\n\n\n\n<p>Pr\u00f3logo Agosto 1887 y <strong>creaci\u00f3n del neologismo Psicoterapia<\/strong><\/p>\n\n\n\n<p><a href=\"http:\/\/bdh-rd.bne.es\/viewer.vm?id=0000237982&amp;page=14\">http:\/\/bdh-rd.bne.es\/viewer.vm?id=0000237982&amp;page=14<\/a><\/p>\n\n\n\n<p>Estad\u00edstica sobre las curaciones con la Psicoterapia durante 1886-1888 ( pag.793)<\/p>\n\n\n\n<p><a href=\"http:\/\/bdh-rd.bne.es\/viewer.vm?id=0000237982&amp;page=831\">http:\/\/bdh-rd.bne.es\/viewer.vm?id=0000237982&amp;page=831<\/a><\/p>\n\n\n\n<figure class=\"wp-block-image size-large\"><img loading=\"lazy\" decoding=\"async\" width=\"662\" height=\"1024\" src=\"https:\/\/web.sanchez-herrero.es\/wp-content\/uploads\/2020\/06\/Pro\u0301logo-1\u00aa-ed.-Hip.y-Sugestio\u0301n-1-Psicoterapia-662x1024.jpg\" alt=\"\" class=\"wp-image-169\" srcset=\"https:\/\/www.sanchez-herrero.es\/wp-content\/uploads\/2020\/06\/Pro\u0301logo-1\u00aa-ed.-Hip.y-Sugestio\u0301n-1-Psicoterapia-662x1024.jpg 662w, https:\/\/www.sanchez-herrero.es\/wp-content\/uploads\/2020\/06\/Pro\u0301logo-1\u00aa-ed.-Hip.y-Sugestio\u0301n-1-Psicoterapia-194x300.jpg 194w, https:\/\/www.sanchez-herrero.es\/wp-content\/uploads\/2020\/06\/Pro\u0301logo-1\u00aa-ed.-Hip.y-Sugestio\u0301n-1-Psicoterapia-768x1189.jpg 768w, https:\/\/www.sanchez-herrero.es\/wp-content\/uploads\/2020\/06\/Pro\u0301logo-1\u00aa-ed.-Hip.y-Sugestio\u0301n-1-Psicoterapia-992x1536.jpg 992w, https:\/\/www.sanchez-herrero.es\/wp-content\/uploads\/2020\/06\/Pro\u0301logo-1\u00aa-ed.-Hip.y-Sugestio\u0301n-1-Psicoterapia.jpg 1225w\" sizes=\"auto, (max-width: 662px) 100vw, 662px\" \/><\/figure>\n\n\n\n<p><\/p>\n\n\n\n<figure class=\"wp-block-image size-large\"><img loading=\"lazy\" decoding=\"async\" width=\"657\" height=\"1024\" src=\"https:\/\/web.sanchez-herrero.es\/wp-content\/uploads\/2020\/06\/Pro\u0301logo-1\u00aa-ed.-Hip.y-Sugestio\u0301n-2-Psicoterapia-657x1024.jpg\" alt=\"\" class=\"wp-image-170\" srcset=\"https:\/\/www.sanchez-herrero.es\/wp-content\/uploads\/2020\/06\/Pro\u0301logo-1\u00aa-ed.-Hip.y-Sugestio\u0301n-2-Psicoterapia-657x1024.jpg 657w, https:\/\/www.sanchez-herrero.es\/wp-content\/uploads\/2020\/06\/Pro\u0301logo-1\u00aa-ed.-Hip.y-Sugestio\u0301n-2-Psicoterapia-193x300.jpg 193w, https:\/\/www.sanchez-herrero.es\/wp-content\/uploads\/2020\/06\/Pro\u0301logo-1\u00aa-ed.-Hip.y-Sugestio\u0301n-2-Psicoterapia-768x1196.jpg 768w, https:\/\/www.sanchez-herrero.es\/wp-content\/uploads\/2020\/06\/Pro\u0301logo-1\u00aa-ed.-Hip.y-Sugestio\u0301n-2-Psicoterapia-986x1536.jpg 986w, https:\/\/www.sanchez-herrero.es\/wp-content\/uploads\/2020\/06\/Pro\u0301logo-1\u00aa-ed.-Hip.y-Sugestio\u0301n-2-Psicoterapia.jpg 1214w\" sizes=\"auto, (max-width: 657px) 100vw, 657px\" \/><\/figure>\n\n\n\n<p> <\/p>\n\n\n\n<p><\/p>\n","protected":false},"excerpt":{"rendered":"<p>Durante el ejercicio de su c\u00e1tedra en Valladolid, tuvo la oportunidad de poner en pr\u00e1ctica sus experimentos con la sugesti\u00f3n hipn\u00f3tica, creando una gran expectaci\u00f3n en estudiantes y admiradores que segu\u00edan sus publicaciones en prensa o acud\u00edan a sus conferencias en la Universidad. A pesar de la investigaci\u00f3n cient\u00edfica sobre la hipnosis que se realizaba &hellip; <\/p>\n<p class=\"link-more\"><a href=\"https:\/\/www.sanchez-herrero.es\/index.php\/abdon-sanchez-herrero-1886-en-valladolid\/\" class=\"more-link\">Continuar leyendo<span class=\"screen-reader-text\"> \u00abNace la Psicoterapia\u00bb<\/span><\/a><\/p>\n","protected":false},"author":1,"featured_media":0,"parent":0,"menu_order":0,"comment_status":"closed","ping_status":"closed","template":"","meta":{"footnotes":""},"class_list":["post-102","page","type-page","status-publish","hentry"],"_links":{"self":[{"href":"https:\/\/www.sanchez-herrero.es\/index.php\/wp-json\/wp\/v2\/pages\/102","targetHints":{"allow":["GET"]}}],"collection":[{"href":"https:\/\/www.sanchez-herrero.es\/index.php\/wp-json\/wp\/v2\/pages"}],"about":[{"href":"https:\/\/www.sanchez-herrero.es\/index.php\/wp-json\/wp\/v2\/types\/page"}],"author":[{"embeddable":true,"href":"https:\/\/www.sanchez-herrero.es\/index.php\/wp-json\/wp\/v2\/users\/1"}],"replies":[{"embeddable":true,"href":"https:\/\/www.sanchez-herrero.es\/index.php\/wp-json\/wp\/v2\/comments?post=102"}],"version-history":[{"count":15,"href":"https:\/\/www.sanchez-herrero.es\/index.php\/wp-json\/wp\/v2\/pages\/102\/revisions"}],"predecessor-version":[{"id":235,"href":"https:\/\/www.sanchez-herrero.es\/index.php\/wp-json\/wp\/v2\/pages\/102\/revisions\/235"}],"wp:attachment":[{"href":"https:\/\/www.sanchez-herrero.es\/index.php\/wp-json\/wp\/v2\/media?parent=102"}],"curies":[{"name":"wp","href":"https:\/\/api.w.org\/{rel}","templated":true}]}}